 - 44).
-70
What is 1 - 42 - (315 + -179 + -193)?
16
9 - -3 - (8 - (4 - -25))
33
Calculate 67 + 159 + -129 + -197.
-100
(29 + 4 + -10 - (-23 - -8 - -27)) + -87
-76
Evaluate -4 + 11 + (146 - (11 - -3 - (35 + -32))).
142
What is the value of -73 - (-135 + -120 + 246)?
-64
What is the value of 143 + -69 + -6 + -53?
15
Calculate -83 + -72 + -78 + 194.
-39
What is the value of -3 + 58 + (7 - 8) - (4 - (15 - 19))?
46
Evaluate 19 + (-81 - 1 - -19 - -18).
-26
13 + (1 - 0 - ((38 - -11) + -70))
35
Evaluate -37 + (16 + -6 - 18) - -34.
-11
Evaluate (-6 + (-18 - -13) - -13) + (-23 - 1) + -3.
-25
Calculate -98 - -98 - (60 - -25 - (15 + -5)).
-75
-2 - (29 - (80 + -37)) - 17
-5
Evaluate 166 + -58 + (3 - 15) + -2 + 3.
97
Evaluate 30 - (80 + -190 - -125).
15
What is the value of -6 - (15 + 2 + -29 + -2) - 79?
-71
Calculate -6 + (-2 - (-6 - -4) - -48) + -10 + 3.
35
What is the value of (790 - 768) + (-5 - -3) + 2 + -138?
-116
(-123 - -69) + (10 - -18)
-26
Evaluate (-15 - -9 - (69 - 201)) + -26.
100
Calculate 68 + (4 - -10) + (0 - -2) + (-13 - -12).
83
Calculate 170 - (66 - (-122 + 101)).
83
Evaluate -21 + -81 + (-14 - (-14 + -13)).
-89
What is the value of 21 + (-27 - -49) + -51?
-8
0 + -1 + -55 + -448 + 467
-37
What is the value of 40 - -5 - (15 - (38 + -35))?
33
(32 - 66 - -13) + 4 + 27
10
-121 + 6 + 136 - 39
-18
What is (-31 - (-22 - -25 - 26)) + (0 - (-1 - -6))?
-13
-28 + (-6 - -53) + 7
26
Calculate 12 - (1 + 6 + 2) - (62 - (-11 - -13)).
-57
11 + (-12 - -22 - ((18 - 7) + (0 - 7)))
17
-31 + 0 + -1038 + 968 + (-13 - (1 - 5))
-110
Evaluate 0 + -1 + -6 + -11 + 12 + 10 - 50.
-46
What is the value of 15 + -7 + -11 + -68 + -12 + -6 + 4?
-85
Evaluate -50 + 40 - (-6 - (5 + -1 + (4 - 46))).
-42
-3 + 6 + -5 + -7 + 1 + 20
12
What is the value of 5 + -26 + (17 - (-18 - (-12 + 5)))?
7
What is the value of -33 + (29 - 29) + -7 + 4?
-36
What is the value of 1 + 52 + (-2714 - -2705)?
44
Calculate -25 + -18 + (33 - (63 + 13)).
-86
What is the value of (1 - -22) + 12 + 4 - (2 - (-5 - -10))?
42
Calculate -19 + -17 + 50 + -4 - (-3 + (11 - 9)).
11
Calculate 0 + 0 - (12 + -2 - (-267 + 226)).
-51
Calculate -16 + (16 - 17) - 8 - -11.
-14
Evaluate -9 - (32 + -41 + 3).
-3
-106 - (-27 + -12 + -78)
11
Evaluate -250 + 130 + -47 + 266.
99
What is the value of 5 - 1 - (-17 + 16 + -1 - 10)?
16
What is 15 - (-16 + 44) - (-4 - (3 + -7))?
-13
What is the value of -1 + (31 - (21 - 24)) + 1 + 1 + 6?
41
Calculate 20 - (-43 - 17) - 56.
24
What is the value of (15 - (6 + (3 - 6))) + (483 - 473)?
22
Evaluate -27 - (-2 + 7 + -9 + (2 - -7) + -4).
-28
What is (2 + 18 - 2) + -9636 + 9647?
29
Evaluate 26 + (-5 - (-2 + -2)) - (68 + -67).
24
(17 - 60) + -13 + -7 + 24
-39
What is -36 + (-9 - (-3 - 45))?
3
What is (11 - 4) + -7 + -5 + (84 - 45)?
34
0 + -35 + -32 + 61
-6
What is (120 + -26 - 85) + 9 + -1?
17
-24 + 18 - (12 + -19 + 7)
-6
Evaluate 98 + -91 + (20 - -23).
50
What is 86 + (-44 - (26 + -96)) + 17?
129
Evaluate -133 - (-177 - (-12 - 111)).
-79
What is 0 - ((5 - -16) + -28 - 22)?
29
Calculate 0 + -4 + 9054 + -8973.
77
What is the value of (9 - (5 + -11)) + 1 - 33?
-17
Calculate 100 - ((-87 - 26) + 281).
-68
Calculate -6 + -19 + -4 + -5 + 21 + -26.
-39
Calculate -41 - -15 - (46 - (-26 + -12)).
-110
-4 + 1 + (-4 - 45 - -41)
-11
What is the value of -11 + -2 - ((-35 - -3) + -11 + 9 + 19)?
2
What is (-101 + 100 - (-5 + 15)) + (-8 - 2)?
-21
Evaluate (58 + -40 - -67) + -19.
66
Evaluate 9 + 2 + (26 - -7) + 4 + -4 + -5.
39
-4 + -3 - (-522 - -536)
-21
(39 - 48) + (-8 - 19) + -9
-45
Evaluate (2 - (-24 - -19) - (6 + 0)) + 6 + -31.
-24
What is the value of 3563 + -3549 + (-2 - 55)?
-43
Calculate -9 - ((0 - 5) + -38 + 75 + -51).
10
What is (-1 - 27) + -685 + 789?
76
-21 + (-57 + 16 + -11 + 17 - -21)
-35
What is -3 - -14 - (-23 - (10 - -2) - 26)?
72
What is 29 - (-15 + (8 + 23 - 9))?
22
Evaluate 7 + -5 + 23 - -2 - -11.
38
What is the value of -18 - -3 - (-35 + (-1 - -35))?
-14
Calculate 11 + 34 + (17 + -9 - 6) - (5 + -2).
44
-4 + -69 + 102 + -112 + (44 - 50)
-89
What is the value of -1 + -41 + 7 + 3 + (7 - (-5 - -18))?
-38
What is the value of (-3 - -21 - 17) + 32?
33
What is 8 + 2 - 8 - (-2 + (0 - (-11 + 7)))?
0
Evaluate -7 + (-16 - ((-31 + 20 - 100) + 3)).
85
What is 2 + -1 - (91 - (-15 + 5 + 12))?
-88
Calculate 5 - 13 - 2 - (1 + 3 + -8).
-6
Calculate (-5578 - -5536) + 59 + -1 + (6 - (-2 + 1)).
23
What is the value of (1 - -56) + (154 - 42 - 97 - (1 + 0))?
71
What is the value of 1811 - 1782 - (21 - 3)?
11
Calculate -22 + (-11 - ((15 - 11 - 14) + 7)).
-30
What is the value of -90 - (-10 - -14) - ((3 - 9) + 20)?
-108
What is the value of -181 - -130 - (-79 - 5)?
33
What is the value of -35 - (72 - 56 - (2 + 44))?
-5
What is (-43 - -3) + 1586 + -1571?
-25
Calculate (-1 - -15) + (-37 - 85) + 31.
-77
(2 - -2) + -9 + 4 + (-122 - (-103 - 5))
-15
263 + -254 + -3 + (-5 - 40 - -1)
-38
What is (3 - -42 - (236 + -190)) + 101?
100
What is the value of 1 + 9 + 1 + -2 + -14 - (1 - -2)?
-8
What is the value of 15 + -4 + 6 - ((3 + 23 - 15) + -8)?
14
Evaluate -16 - -1 - (-27 - (-45 - -11 - -8)).
-14
Evaluate 31 + (-21 - (-25 + 22)) - 11 - (1 + -12).
13
-22 - ((87 - 45) + 2 + -83)
17
What is -16 + 11 + 47 - -3?
45
Evaluate -10739 + 10711 + (-1 - 0) + 152.
123
Calculate -41 + 2 + (210 - 196).
-25
What is -11 - (-15 - (28 - 21)) - -9?
20
Calculate 5 + -13 - (-50 + 42 + -8).
8
What is -36 + 24 + -3 + -8 + (-8 - -3)?
-28
(-6 - -6) + 0 + (15 + -21 - 28)
-34
-38 + 155 - (153 - 103)
67
2 - 14 - (50 - 55) - 6 - -10
-3
What is -14 + (-7 + 17 - (78 - (-8 + 8)) - 11)?
-93
Calculate 7 - (95 + 18) - (162 + -150).
-118
What is (-6 + 26 + -10 - 0) + 25?
35
Calculate 7 + -47 + 48 - (1 - (-4 + 2 - 9)).
-4
What is 2 - (18 + -3 + 96 + -92) - -31?
14
Calculate 2 + (-1 - (1 + -3)) + (4731 - 4739) + 141.
136
Evaluate -20 + (0 - (-109 + (76 - 35))).
48
Calculate -11 + (0 - 0) - (42 + -2 - (-57 + 98)).
-10
Evaluate 27 + (38 - (81 - 27)).
11
What is the value of -1 + 4 - (19 + -12 + 18 + -17 - 15)?
10
Calculate -7 + -20 + -23 + 30 + 15.
-5
Calculate 15 - (13 + 0 - (-254 + 261)).
9
Calculate 29 + (37 - 18) + -24 + 38.
62
(45 - 49) + (-6 + 12 + -5 - -5)
2
What is the value of 110 - (-18 - (-21 - 84))?
23
Evaluate -3 + (0 - 4) + 8 + (-14 - -17).
4
Evaluate -103 - (82 + (-100 - -5)).
-90
What is (-19 - (91 - 5)) + (85 + -86 - (-1 - 11))?
-94
Evaluate (12821 - 12822) + (2 - 0 - 28).
-27
What is -27 - (-6 - -67 - 120)?
32
-32 - (-6 + (-40 - -87) - 27)
-46
What is the value of 5 + 4 + 233 + -206?
36
Calculate -301 + 289 - (-22 - 8).
18
What is the value of (19 - (-54 + 108)) + 2 + (-13 - (-4 + 2))?
-44
What is the value of -27 - -37 - (-5 - ((8 - 8 - 9) + -1))?
5
What is 11 + (36 - 26) + -11 + -20?
-10
Evaluate (-1 + -79 - 0) + 525 + (-554 - -36).
-73
What is the value of -54 - (-51 + (50 - 85))?
32
-5 - (-29 + (-8 - (-12 + (-4 + 0 - -4))))
20
Calculate 157 + (-82 - 17) + 43.
101
Calculate -93 + (25 - -68) + (7 - 0).
7
4 - (10 + 25 + 9 + -16)
-24
What is the value of -30 - (-3 + -29) - (-13 - -2 - -1)?
12
What is the value of 1154 + -1149 + 49 + -2?
52
(1 - 0 - -3) + (141 - 125)
20
10 - (59 + 20 + -2 + -21)
-46
What is -303 + 356 + 9 + -16?
46
What is the value of -5971 + 5945 + -2 + 67?
39
What is 20 - (-9 + (13 - -32) - 27)?
11
What is the value of 7 + -1 + -14 + (20 - (-7 + (18 - -3)))?
-2
Calculate 6 - 0 - -2 - (-89 + -10 + 15 + 15).
77
0 + 2 - (-28 + 17 - (-34 - (15 + -32)))
-4
Evaluate (-3 - 61) + 1676 + -1551.
61
-36 - ((-8 - 31) + 4 + 12)
-13
63 - (-120 - (-192 - 65))
-74
1 + -44 + 29 + 0 + 4 + 28
18
Calculate -35 + 77 + 5 + -22.
25
-93 - -50 - (-30 - (0 + 2))
-11
What is -10 + (-637 + 677 - (2 + -8 - 3))?
39
Evaluate (130 - -1) + (-8 - (10 + 19)).
94
What is the value of (284 - 54) + -128 - 211?
-109
What is the value of 13 + -7 + 28 - (-246 - -222)?
58
What is -90 + -172 + 74 + 200?
12
Evaluate -17 - (-44 + 12 - 10).
25
What is the value of -73 - ((139 - 195) + -44)?
27
57 + (23 + -36 - 58)
-14
Calculate (-2 - -11) + -59 + -11 + 44.
-17
What is 29 + -4 - (120 + -107 + 0 + -9)?
21
3 + -90 - (-18 + 0 + (-37 - (-28 - 17)))
-77
Calculate (10 - (-5 + 10)) + 3 + 2 - (-22 + 29).
3
What is the value of -22 - -8 - -9 - (-4 - (-2 + -13))?
-16
Calculate (15 - 43) + 11 + 17 + 3.
3
What is -444 + 433 + (-4 + 3 - -8)?
-4
-190 - -507 - 317 - (70 + -2 + 1)
-69
W